 What is the greatest common factor of l and 20?
10
Let v(q) = -q**3 + 10*q**2 - 5*q - 7. Let w be v(7). What is the greatest common divisor of 15 and w?
15
Let v = -18 - -98. What is the highest common divisor of 16 and v?
16
Let f = -105 + 125. What is the highest common divisor of 100 and f?
20
Suppose -2*s = 2*s - 8. What is the highest common factor of s and 1?
1
Suppose -6 = 3*o - 6*o. Let b(j) = 2*j + 3. Let n be b(5). Suppose o*p - n = -u, 4*u + 12 = 3*p + 3*u. Calculate the highest common divisor of 20 and p.
5
Suppose -60 = -5*h - 15. Suppose h = w - 4. Calculate the highest common factor of w and 52.
13
Let t be (1 + 0 + 0)*-7. Let l be 4/t + (-1560)/(-35). Calculate the greatest common divisor of l and 4.
4
Let y = -24 + 21. Let l(z) = 2*z**2 + 5*z + 1. Let u be l(y). What is the highest common factor of 2 and u?
2
Suppose 25 = 2*u - u. Let x = u + -37. Let r = x + 20. What is the highest common divisor of r and 88?
8
Suppose -4*j - 3*k + 8 = 1, 0 = -3*j + k + 2. Let q = -8 - -17. Calculate the greatest common factor of j and q.
1
Suppose 5*o + 4*x - 1010 = -0*x, -980 = -5*o + 2*x. Let p(j) = -9*j - 1. Let b be p(-2). Let m = 5 + b. Calculate the greatest common divisor of m and o.
22
Let m be 45/10*(0 + 2). Suppose -5*z + 2*n + 17 = 0, 5*n + m = 29. What is the greatest common factor of 10 and z?
5
Let m(v) = 10*v**3 - v**2 - v. Let w be m(-1). Let d be (1 + w/4)*-18. Calculate the highest common factor of 3 and d.
3
Suppose -3*n - 3 = 3*z, -2*n - 1 = -2*z - 11. Suppose -2*x = -2, n*h = 4*h + 2*x - 30. What is the greatest common divisor of h and 98?
14
Let a be 1 + 1 + 51 + 0. Let v be (-2)/(-6) + a/3. Let w be (-6)/(-7)*(1 - -6). What is the greatest common factor of v and w?
6
Let v = -13 - -6. Let w = v + 15. Calculate the highest common divisor of w and 1.
1
Let h(g) = -6*g**2 - 5*g + 1. Let f be h(-4). Let l = 135 + f. Calculate the highest common divisor of l and 24.
12
Suppose 0 = -7*t + 2*t. Let h be 9/3 + 30 + t. What is the greatest common divisor of 3 and h?
3
Let u be 0 + -4 - (3 - 17). Calculate the highest common factor of u and 2.
2
Suppose -s - 195 = -5*w, -3*s - 11 = -2*w + 54. What is the greatest common factor of 10 and w?
10
Suppose -5*z + 4 = 2*g, 2*z = -7*g + 2*g - 11. What is the greatest common factor of 2 and z?
2
Let s be (-22)/((-3)/(-2) - 2). What is the highest common divisor of 110 and s?
22
Let n = -30 + 88. What is the greatest common factor of 29 and n?
29
Let j(a) be the first derivative of a**2/2 + 6*a - 2. Let x be j(8). What is the greatest common factor of 28 and x?
14
Let x = 27 - -22. What is the highest common factor of 7 and x?
7
Suppose j - 23 = -5*u, 5*j = -5*u + 3 + 32. Calculate the greatest common factor of 10 and u.
2
Let x be (2 + -6)*214/(-8). Let d = x + -71. Suppose i + 0*i - 9 = 0. Calculate the highest common divisor of d and i.
9
Suppose 0 = -2*j - 21 + 27. Calculate the greatest common factor of j and 9.
3
Let y = 4 + 8. What is the greatest common divisor of y and 108?
12
Let g = -32 + 35. Suppose -4*j = -2*j - 6. Suppose -y = -3*s + 2*s - 3, y + g = j*s. What is the greatest common factor of y and 18?
6
Let m(h) = 5*h - 6. Let y be m(4). Calculate the highest common factor of 7 and y.
7
Let b(x) = -46*x - 1. Let o(a) = a**3 - 4*a**2 - a + 3. Let m be o(4). Let v be b(m). What is the highest common factor of 15 and v?
15
Suppose 26 = 10*u - 8*u. What is the greatest common factor of u and 104?
13
Let f = 47 - -115. Calculate the highest common divisor of 18 and f.
18
Let u = -9 - -9. Let m(p) = -p + 4. Let v be m(u). What is the greatest common divisor of v and 32?
4
Suppose 7*b - 294 = -0*b. Let h be (21/2)/(b/560). What is the greatest common divisor of h and 56?
28
Suppose 0 = -6*y - 59 + 269. What is the highest common divisor of 14 and y?
7
Suppose q - r = 6*q + 1, 0 = -4*q - 3*r + 8. Let s be (-1)/((-2)/((-14)/q)). Calculate the greatest common divisor of 63 and s.
7
Let u be 266/30 + (-96)/(-45) + -2. Calculate the highest common divisor of 27 and u.
9
Let r(h) = -89*h - 5. Let m be r(-1). What is the greatest common divisor of 24 and m?
12
Let g be (-12*2/10)/((-3)/30). Calculate the highest common divisor of 192 and g.
24
Suppose 2*g - 3*a + 27 = 0, 2*g + 2*g - 3*a + 39 = 0. Let j be 4/6*(-63)/g. Let f = -1 - -8. What is the highest common factor of f and j?
7
Let i(r) = 5*r**2 + 3*r - 12. Let p be i(5). Suppose -5*b + p + 72 = 0. Let d(j) = -4*j - 4. Let y be d(-3). What is the greatest common factor of y and b?
8
Let d(h) = 14*h - 63. Let u be d(5). Let y be (-15)/(-2) - 1/2. Calculate the highest common divisor of y and u.
7
Let f(x) = -x**3 - 1 + x + x**2 - x + 6. Let g be f(0). Suppose -3*j + 2 = -j, -b + 93 = g*j. Calculate the highest common divisor of 11 and b.
11
Suppose -g = 5*i - 89, 4*g + 95 = 5*i - g. Suppose 5*t - u - 13 = 3*t, 5*u = -t + 34. What is the highest common divisor of t and i?
9
Let o be (9 + -4)*(-4)/(-5). Calculate the highest common factor of o and 28.
4
Suppose 3*o - 32 = 3*d + 46, 83 = 3*o - 2*d. What is the greatest common factor of o and 31?
31
Suppose 2*o = 10, -3*o + 431 = 4*f - 0*o. Calculate the highest common factor of f and 13.
13
Suppose 0 = -b + 4*b. Suppose 3*t - 103 - 5 = b. What is the greatest common factor of t and 12?
12
Let v(o) = 23*o - 2. Let d be v(1). What is the greatest common divisor of 42 and d?
21
Let y be (9/18)/(1/20). Let t(o) = 5*o**2 + 6*o - 5. Let b be t(-5). Calculate the highest common factor of y and b.
10
Let d be ((-6)/(-2))/(9/24). What is the greatest common divisor of 48 and d?
8
Suppose 125 = 5*d + 2*p, -3*d + 4*p + 44 = -p. What is the greatest common divisor of 115 and d?
23
Let u(r) = -r + 21. Let s be u(14). Calculate the greatest common divisor of 1 and s.
1
Let l(y) = -110*y. Let m be l(-2). Calculate the highest common divisor of 44 and m.
44
Let a = 196 - 164. Calculate the highest common divisor of a and 224.
32
Let k(l) = -l**3 + 18*l**2 + 5*l + 29. Let w be k(18). Let y(p) = -3*p - 1. Let t be y(-6). Calculate the greatest common divisor of t and w.
17
Let y(r) = -r + 4. Let j be y(-3). Calculate the greatest common factor of 70 and j.
7
Let o be 0/((-2)/4*-2). Let w be (16/10)/((-11)/(-165)). Suppose 2*h - w = -o*h. Calculate the highest common factor of 24 and h.
12
Suppose -5*y = -120 - 110. Suppose -y = -s + 42. What is the greatest common factor of s and 11?
11
Let k(o) = o**2 - o + 4. Let s be k(5). Let y be ((-64)/s)/(2/(-42)). Suppose 3*n = -2*n + 70. Calculate the highest common factor of y and n.
14
Suppose 9*b - v - 182 = 4*b, 3*v - 66 = -2*b. Let u = 55 - b. What is the highest common divisor of 19 and u?
19
Let f(u) = 6*u - 13. Let w be f(3). What is the highest common factor of w and 45?
5
Suppose 3*p - p - 190 = 0. Let u = 60 - p. Let n be ((-30)/u)/(1/49). Calculate the greatest common divisor of n and 14.
14
Let m(w) = -w**3 + 17*w**2 + 3*w - 19. Let y be m(17). Calculate the highest common factor of 80 and y.
16
Suppose 6*k = 2*k + 168. Let o = -7 - -12. Let d(b) = 6*b - 2. Let c be d(o). What is the highest common factor of c and k?
14
Suppose w + 3*u = 5*u + 10, 6 = -3*u. Calculate the highest common factor of 42 and w.
6
Let w(z) = -z + 18. Let i be w(-6). Suppose 0 = -q - 5*d + 18, 3*q - 4*d + 20 = -2. Let p = 8 + q. What is the greatest common factor of i and p?
6
Suppose 0 = 5*l - 6*l. Let j be 0/(-2) - (l + -220). Let u(o) = -o**3 + 4*o**2 + 6*o - 4. Let a be u(4). Calculate the greatest common factor of j and a.
20
Suppose 3*t - 32 = 4*a, 3*t + 38 = -4*a + 6. Let c be a/(-14)*(-42)/(-12). Calculate the highest common divisor of 5 and c.
1
Let p = 15 - -39. What is the highest common divisor of 6 and p?
6
Suppose -3*h = -2*x + 10, -5*x - 4*h + 50 = h. Suppose -2*d = -4*f - 44, 0*d + 2*f = -2*d + 14. What is the highest common factor of x and d?
4
Let b be 29 + 4 + (-3 - -2). What is the greatest common divisor of b and 16?
16
Let j(o) be the first derivative of -3*o**2/2 - 3*o + 2. Let b be j(-7). What is the highest common divisor of 162 and b?
18
Let n(s) = -2*s**2 - 5*s + 5. Let p be n(-3). Calculate the greatest common divisor of 8 and p.
2
Let x(d) = -d**2 - 3*d + 4. Let c be x(-5). Let w(b) = -4*b - 3. Let g be w(c). Calculate the greatest common d